 what is -8 + -2?
-10
In base 7, what is -2 + -562?
-564
In base 9, what is 33 - -7?
41
In base 6, what is 13 - 14?
-1
In base 10, what is -64 - 10?
-74
In base 12, what is 3 + 3511?
3514
In base 2, what is -1010000 + 0?
-1010000
In base 14, what is 35 - -3?
38
In base 12, what is -5 - -11?
8
In base 16, what is 0 - 42?
-42
In base 14, what is -5 - d1?
-d6
In base 4, what is -2111 + 0?
-2111
In base 2, what is 1001 + -1001101110?
-1001100101
In base 3, what is -12021202 - 12?
-12021221
In base 2, what is -11011 - 100?
-11111
In base 4, what is 10 + -3333?
-3323
In base 6, what is -20133 + -3?
-20140
In base 16, what is 3 + -1?
2
In base 3, what is -201202 - 1?
-201210
In base 6, what is -1 - -102?
101
In base 14, what is -d95 - 3?
-d98
In base 16, what is -65 - -8?
-5d
In base 7, what is 3 - -235?
241
In base 3, what is 12012 + -1110?
10202
In base 6, what is -120 - -422?
302
In base 7, what is -266 + 1?
-265
In base 5, what is -1240331 - -4?
-1240322
In base 3, what is -10 - 22?
-102
In base 10, what is -108 - -1?
-107
In base 13, what is 293 + -1?
292
In base 7, what is -1 - -2135?
2134
In base 2, what is -1101111101 + 11?
-1101111010
In base 6, what is 4 + -315?
-311
In base 11, what is 1 + -83a?
-839
In base 7, what is 2 + 145?
150
In base 12, what is -aaa + 2?
-aa8
In base 7, what is 24 - -242?
266
In base 14, what is -884 + 5?
-87d
In base 11, what is -2315 + 2?
-2313
In base 16, what is 7e2 + 4?
7e6
In base 8, what is -4 + -111?
-115
In base 3, what is 2 - 201?
-122
In base 8, what is 3 - 76?
-73
In base 14, what is 2 + -204?
-202
In base 5, what is 222114 - 10?
222104
In base 10, what is -65757 - -2?
-65755
In base 10, what is 23 - -227?
250
In base 8, what is 11134 - -1?
11135
In base 11, what is a7 + 73?
16a
In base 14, what is -1185 + -1?
-1186
In base 8, what is -50 + -11?
-61
In base 13, what is 4 + -483?
-47c
In base 15, what is -1 + e?
d
In base 11, what is -10 + 133?
123
In base 16, what is -2 - 8b?
-8d
In base 12, what is 1 - 1654?
-1653
In base 9, what is 16 + 380?
406
In base 6, what is -23 + 353?
330
In base 13, what is 1ca + -2?
1c8
In base 10, what is -1 + -1235?
-1236
In base 5, what is -10124 + 3?
-10121
In base 14, what is -98a8 + 5?
-98a3
In base 10, what is 232 + -3?
229
In base 5, what is 4 - 34?
-30
In base 7, what is 4 - 2305?
-2301
In base 11, what is 3 - 554?
-551
In base 7, what is -114 + -160?
-304
In base 13, what is 263c - -5?
2644
In base 9, what is -3 - 55?
-58
In base 4, what is 200 + 122?
322
In base 15, what is -3b8 - 16?
-3ce
In base 3, what is -1 - -211?
210
In base 5, what is -1131 - -103?
-1023
In base 15, what is -3 - 467?
-46a
In base 13, what is a + 18?
25
In base 4, what is 3 - -3?
12
In base 11, what is -203 - 4?
-207
In base 12, what is 142 - a?
134
In base 12, what is 345 + 0?
345
In base 6, what is 1521 - 34?
1443
In base 7, what is -4 - 345?
-352
In base 14, what is 0 + -b1?
-b1
In base 16, what is 221 + -3?
21e
In base 7, what is -144 + 6?
-135
In base 10, what is -2 + -1?
-3
In base 12, what is 83 + -3?
80
In base 4, what is -1033322 - 10?
-1033332
In base 3, what is 11 + 12100222?
12101010
In base 12, what is 2 + -1397?
-1395
In base 12, what is 3 + -2a?
-27
In base 3, what is 1220 - 1?
1212
In base 4, what is -1 + -213?
-220
In base 16, what is e7 + 2?
e9
In base 9, what is 83 + 23?
116
In base 10, what is -5 + 183?
178
In base 4, what is -110 - 2?
-112
In base 2, what is 110000 + -101?
101011
In base 3, what is -111021 - -2?
-111012
In base 8, what is 3 + 5007?
5012
In base 9, what is 20218 - -2?
20221
In base 10, what is 0 - -5?
5
In base 13, what is -3 + 16?
13
In base 7, what is 2 + -51?
-46
In base 16, what is -1 - 280?
-281
In base 16, what is c - 106?
-fa
In base 2, what is 100110011110110 - -11?
100110011111001
In base 6, what is 2313 + 2?
2315
In base 8, what is 3 + 41?
44
In base 7, what is 13014 + 2?
13016
In base 11, what is -52 - -27?
-26
In base 8, what is -2536 + 0?
-2536
In base 15, what is -7 + -1e7?
-1ee
In base 11, what is 284 + -3?
281
In base 13, what is 30 + 6b?
9b
In base 8, what is 16 + -34?
-16
In base 7, what is 33 - 154?
-121
In base 14, what is -6b - -2?
-69
In base 12, what is 199 - -26?
203
In base 7, what is 0 + -34?
-34
In base 13, what is 780 - 3?
77a
In base 12, what is 2518 - -9?
2525
In base 6, what is 1225 - 5?
1220
In base 13, what is 0 + -964?
-964
In base 13, what is -3 - 138a?
-1390
In base 11, what is 119 - 37?
92
In base 8, what is 44 - -75?
141
In base 11, what is 3 - a57?
-a54
In base 9, what is -104 - 2?
-106
In base 14, what is -d98 + 5?
-d93
In base 14, what is 8 + 70?
78
In base 10, what is 5 + -36?
-31
In base 12, what is -9 + 7b6?
7a9
In base 13, what is -30 + 10?
-20
In base 12, what is 8b8 + -1?
8b7
In base 16, what is 0 + 12?
12
In base 2, what is 1101111 + -1?
1101110
In base 6, what is 1 + 34?
35
In base 3, what is -120 + 10202?
10012
In base 6, what is 3 - 2351?
-2344
In base 15, what is 1b67 - -2?
1b69
In base 9, what is -23 - 322?
-345
In base 16, what is -2b7 + -3?
-2ba
In base 10, what is -63 - 5?
-68
In base 15, what is -2 + 3a1?
39e
In base 10, what is 1 + 5224?
5225
In base 4, what is 201 - 11?
130
In base 12, what is -3 + 47a?
477
In base 9, what is -147 - -3?
-144
In base 8, what is 1341 - 5?
1334
In base 11, what is -56 + -38?
-93
In base 11, what is -32 - 8?
-3a
In base 2, what is 110 + -10110101000?
-10110100010
In base 8, what is 160 + 36?
216
In base 3, what is -2110210 + 12?
-2110121
In base 6, what is 21 - 4?
13
In base 9, what is 3 + 1202?
1205
In base 3, what is -20 + -11102?
-11122
In base 13, what is -8 - -399?
391
In base 5, what is 3 + -414?
-411
In base 12, what is 162b - -2?
1631
In base 3, what is 1012 + -2?
1010
In base 7, what is 606 - -2?
611
In base 3, what is 2012 - -20?
2102
In base 12, what is 1813 + -4?
180b
In base 15, what is -b1d + 1?
-b1c
In base 11, what is -3 - -368?
365
In base 2, what is -101 - 11?
-1000
In base 11, what is 4 - -1?
5
In base 4, what is 101 - 212?
-111
In base 5, what is -134 + -331?
-1020
In base 9, what is -6 + -2?
-8
In base 9, what is 1804 + 0?
1804
In base 16, what is 28e5 - -4?
28e9
In base 9, what is -150 + 171?
21
In base 3, what is -12022 - -2101?
-2221
In base 3, what is 10 - 222?
-212
In base 11, what is -380 - 3?
-383
In base 9, what is -313 - 3?
-316
In base 13, what is 5 + -17?
-12
In base 3, what is -12 - -102220?
102201
In base 13, what is -3 - -64?
61
In base 15, what is 12bc - 0?
12bc
In base 12, what is -5 - -45?
40
In base 7, what is -3 - 55?
-61
In base 14, what is -16 - -4?
-12
In base 6, what is 110 - -115?
225
In base 14, what is 1 + -52b?
-52a
In base 14, what is 4bb - 3?
4b8
In base 11, what is 85 - 4?
81
In base 9, what is 4 + -37?
-33
In base 13, what is -12 + -208?
-21a
In base 7, what is -50 + -3?
-53
In base 2, what is -100 + -10?
-110
In base 15, what is -a + 14?
9
In base 10, what is -454 - -3?
-451
In base 3, what is -120 - -11020?
10200
In base 6, what is 33045 + 2?
33051
In base 7, what is -6 + 565?
556
In base 13, what is 213 - 0?
213
In base 5, what is 41320 + -1?
41314
In base 11, what is -a8 + -1?
-a9
In base 7, what is -34 - -22?
-12
In base 14, what is 7 - 2b5?
-2ac
In base 16, what is 1a + -2?
18
In base 12, what is -17162 + -5?
-17167
In base 10, what is -4275 + -2?
-4277
In base 5, what is -2 + 31?
24
In base 12, what is -5 - -984?
97b
In base 13, what is -39 - 78?
-b4
In base 8, what is -156 + -307?
-465
In base 8, what is -34730 + -2?
-34732
In base 2, what is 10 - -10101?
10111
In base 5, what is 31201 + -13?
31133
In base 16, what is 1 + c6?
c7
In base 15, what is 0 + a?
a
In base 14, what is -3 - -11b?
118
In base 12, what is 9 - 15?
-8
In base 4, what is 1 - -323?
330
In base 4, what is 332 + 1322?
2320
In base 3, what is -222 + -21?
-1020
In base 5, what is -41 + 20?
-21
In base 13, what is 2 - -482?
484
In base 9, what is -3 - 5118?
-5122
In base 7, what is -114 - -35?
-46
In base 2, what is 111010001100 - 1?
111010001011
In base 14, what is 5 - -a2?
a7
In base 16, what is 0 - 29?
-29
In base 3, what is 111022 + -11?
111011
In base 9, what is 3 + -531?
-527
In base 5, what is -2 - -111211?
111204
In base 15, what is 5 - 14?
-e
In base 3, what is -10 - 21202?
-21212
In base 8, what is -154 - 5?
-161
In base 7, what is 